{"id":7775,"date":"2026-02-17T13:37:25","date_gmt":"2026-02-17T12:37:25","guid":{"rendered":"https:\/\/www.torreviejagastronomica.com\/?post_type=directorio&#038;p=7775"},"modified":"2026-02-17T13:37:26","modified_gmt":"2026-02-17T12:37:26","slug":"patio-andaluz","status":"publish","type":"directorio","link":"https:\/\/www.torreviejagastronomica.com\/es\/directorio\/patio-andaluz\/","title":{"rendered":"Patio Andaluz"},"content":{"rendered":"\n<p><strong>Patio Andaluz<\/strong>&nbsp;es mucho m\u00e1s que un restaurante: es una tradici\u00f3n viva desde 1973. Este negocio familiar, orgullosamente andaluz, lleva m\u00e1s de cinco d\u00e9cadas compartiendo el sabor, el arte y la alegr\u00eda del sur.<\/p>\n\n\n\n<p>Aqu\u00ed se viene a saborear aut\u00e9ntica cocina espa\u00f1ola, a dejarse llevar por el ritmo del baile y a disfrutar de ese ambiente c\u00e1lido que convierte cada visita en una celebraci\u00f3n. Entre palmas, aromas y buena compa\u00f1\u00eda, Patio Andaluz mantiene intacta su esencia: hacer que cada persona que cruza su puerta se sienta como en casa\u2026 pero en pleno coraz\u00f3n de Andaluc\u00eda.<\/p>\n\n\n\n<p>Un rinc\u00f3n donde se come, se baila y, sobre todo, se disfruta.<\/p>\n","protected":false},"author":4,"featured_media":7776,"comment_status":"open","ping_status":"closed","template":"","format":"standard","meta":[],"directorio-locations":[130],"directorio-category":[136,125,107],"directorio_tag":[],"class_list":["post-7775","directorio","type-directorio","status-publish","format-standard","has-post-thumbnail","hentry","directorio-locations-torrevieja","directorio-category-arrocerias","directorio-category-bares","directorio-category-restaurantes"],"yoast_head":"<!-- This site is optimized with the Yoast SEO plugin v25.7 - https:\/\/yoast.com\/wordpress\/plugins\/seo\/ -->\n<title>Patio Andaluz - Torrevieja Gastron\u00f3mica<\/title>\n<meta name=\"robots\" content=\"index, follow, max-snippet:-1, max-image-preview:large, max-video-preview:-1\" \/>\n<link rel=\"canonical\" href=\"https:\/\/www.torreviejagastronomica.com\/es\/directorio\/patio-andaluz\/\" \/>\n<meta property=\"og:locale\" content=\"es_ES\" \/>\n<meta property=\"og:type\" content=\"article\" \/>\n<meta property=\"og:title\" content=\"Patio Andaluz - Torrevieja Gastron\u00f3mica\" \/>\n<meta property=\"og:description\" content=\"Patio Andaluz&nbsp;es mucho m\u00e1s que un restaurante: es una tradici\u00f3n viva desde 1973. Este negocio familiar, orgullosamente andaluz, lleva m\u00e1s de cinco d\u00e9cadas compartiendo el sabor, el arte y la alegr\u00eda del sur. Aqu\u00ed se viene a saborear aut\u00e9ntica cocina espa\u00f1ola, a dejarse llevar por el ritmo del baile y a disfrutar de ese ambiente [&hellip;]\" \/>\n<meta property=\"og:url\" content=\"https:\/\/www.torreviejagastronomica.com\/es\/directorio\/patio-andaluz\/\" \/>\n<meta property=\"og:site_name\" content=\"Torrevieja Gastron\u00f3mica\" \/>\n<meta property=\"article:modified_time\" content=\"2026-02-17T12:37:26+00:00\" \/>\n<meta property=\"og:image\" content=\"https:\/\/www.torreviejagastronomica.com\/wp-content\/uploads\/2026\/02\/300435428_497581575702921_6514363195840983337_n.png\" \/>\n\t<meta property=\"og:image:width\" content=\"1772\" \/>\n\t<meta property=\"og:image:height\" content=\"1772\" \/>\n\t<meta property=\"og:image:type\" content=\"image\/png\" \/>\n<meta name=\"twitter:card\" content=\"summary_large_image\" \/>\n<meta name=\"twitter:label1\" content=\"Tiempo de lectura\" \/>\n\t<meta name=\"twitter:data1\" content=\"1 minuto\" \/>\n<script type=\"application\/ld+json\" class=\"yoast-schema-graph\">{\"@context\":\"https:\/\/schema.org\",\"@graph\":[{\"@type\":\"WebPage\",\"@id\":\"https:\/\/www.torreviejagastronomica.com\/directorio\/patio-andaluz\/\",\"url\":\"https:\/\/www.torreviejagastronomica.com\/directorio\/patio-andaluz\/\",\"name\":\"Patio Andaluz - Torrevieja Gastron\u00f3mica\",\"isPartOf\":{\"@id\":\"https:\/\/www.torreviejagastronomica.com\/#website\"},\"primaryImageOfPage\":{\"@id\":\"https:\/\/www.torreviejagastronomica.com\/directorio\/patio-andaluz\/#primaryimage\"},\"image\":{\"@id\":\"https:\/\/www.torreviejagastronomica.com\/directorio\/patio-andaluz\/#primaryimage\"},\"thumbnailUrl\":\"https:\/\/www.torreviejagastronomica.com\/wp-content\/uploads\/2026\/02\/300435428_497581575702921_6514363195840983337_n.png\",\"datePublished\":\"2026-02-17T12:37:25+00:00\",\"dateModified\":\"2026-02-17T12:37:26+00:00\",\"breadcrumb\":{\"@id\":\"https:\/\/www.torreviejagastronomica.com\/directorio\/patio-andaluz\/#breadcrumb\"},\"inLanguage\":\"es\",\"potentialAction\":[{\"@type\":\"ReadAction\",\"target\":[\"https:\/\/www.torreviejagastronomica.com\/directorio\/patio-andaluz\/\"]}]},{\"@type\":\"ImageObject\",\"inLanguage\":\"es\",\"@id\":\"https:\/\/www.torreviejagastronomica.com\/directorio\/patio-andaluz\/#primaryimage\",\"url\":\"https:\/\/www.torreviejagastronomica.com\/wp-content\/uploads\/2026\/02\/300435428_497581575702921_6514363195840983337_n.png\",\"contentUrl\":\"https:\/\/www.torreviejagastronomica.com\/wp-content\/uploads\/2026\/02\/300435428_497581575702921_6514363195840983337_n.png\",\"width\":1772,\"height\":1772},{\"@type\":\"BreadcrumbList\",\"@id\":\"https:\/\/www.torreviejagastronomica.com\/directorio\/patio-andaluz\/#breadcrumb\",\"itemListElement\":[{\"@type\":\"ListItem\",\"position\":1,\"name\":\"Portada\",\"item\":\"https:\/\/www.torreviejagastronomica.com\/\"},{\"@type\":\"ListItem\",\"position\":2,\"name\":\"Directorio\",\"item\":\"https:\/\/www.torreviejagastronomica.com\/es\/directorio\/\"},{\"@type\":\"ListItem\",\"position\":3,\"name\":\"Patio Andaluz\"}]},{\"@type\":\"WebSite\",\"@id\":\"https:\/\/www.torreviejagastronomica.com\/#website\",\"url\":\"https:\/\/www.torreviejagastronomica.com\/\",\"name\":\"Torrevieja Gastron\u00f3mica\",\"description\":\"Asociaci\u00f3n Hosteler\u00eda Torrevieja y Comarca\",\"publisher\":{\"@id\":\"https:\/\/www.torreviejagastronomica.com\/#organization\"},\"potentialAction\":[{\"@type\":\"SearchAction\",\"target\":{\"@type\":\"EntryPoint\",\"urlTemplate\":\"https:\/\/www.torreviejagastronomica.com\/?s={search_term_string}\"},\"query-input\":{\"@type\":\"PropertyValueSpecification\",\"valueRequired\":true,\"valueName\":\"search_term_string\"}}],\"inLanguage\":\"es\"},{\"@type\":\"Organization\",\"@id\":\"https:\/\/www.torreviejagastronomica.com\/#organization\",\"name\":\"Torrevieja Gastron\u00f3mica\",\"url\":\"https:\/\/www.torreviejagastronomica.com\/\",\"logo\":{\"@type\":\"ImageObject\",\"inLanguage\":\"es\",\"@id\":\"https:\/\/www.torreviejagastronomica.com\/#\/schema\/logo\/image\/\",\"url\":\"https:\/\/www.torreviejagastronomica.com\/wp-content\/uploads\/2023\/09\/Logo-Torrevieja-Gastronomica.png\",\"contentUrl\":\"https:\/\/www.torreviejagastronomica.com\/wp-content\/uploads\/2023\/09\/Logo-Torrevieja-Gastronomica.png\",\"width\":350,\"height\":100,\"caption\":\"Torrevieja Gastron\u00f3mica\"},\"image\":{\"@id\":\"https:\/\/www.torreviejagastronomica.com\/#\/schema\/logo\/image\/\"}}]}<\/script>\n<!-- \/ Yoast SEO plugin. -->","yoast_head_json":{"title":"Patio Andaluz - Torrevieja Gastron\u00f3mica","robots":{"index":"index","follow":"follow","max-snippet":"max-snippet:-1","max-image-preview":"max-image-preview:large","max-video-preview":"max-video-preview:-1"},"canonical":"https:\/\/www.torreviejagastronomica.com\/es\/directorio\/patio-andaluz\/","og_locale":"es_ES","og_type":"article","og_title":"Patio Andaluz - Torrevieja Gastron\u00f3mica","og_description":"Patio Andaluz&nbsp;es mucho m\u00e1s que un restaurante: es una tradici\u00f3n viva desde 1973. Este negocio familiar, orgullosamente andaluz, lleva m\u00e1s de cinco d\u00e9cadas compartiendo el sabor, el arte y la alegr\u00eda del sur. Aqu\u00ed se viene a saborear aut\u00e9ntica cocina espa\u00f1ola, a dejarse llevar por el ritmo del baile y a disfrutar de ese ambiente [&hellip;]","og_url":"https:\/\/www.torreviejagastronomica.com\/es\/directorio\/patio-andaluz\/","og_site_name":"Torrevieja Gastron\u00f3mica","article_modified_time":"2026-02-17T12:37:26+00:00","og_image":[{"width":1772,"height":1772,"url":"https:\/\/www.torreviejagastronomica.com\/wp-content\/uploads\/2026\/02\/300435428_497581575702921_6514363195840983337_n.png","type":"image\/png"}],"twitter_card":"summary_large_image","twitter_misc":{"Tiempo de lectura":"1 minuto"},"schema":{"@context":"https:\/\/schema.org","@graph":[{"@type":"WebPage","@id":"https:\/\/www.torreviejagastronomica.com\/directorio\/patio-andaluz\/","url":"https:\/\/www.torreviejagastronomica.com\/directorio\/patio-andaluz\/","name":"Patio Andaluz - Torrevieja Gastron\u00f3mica","isPartOf":{"@id":"https:\/\/www.torreviejagastronomica.com\/#website"},"primaryImageOfPage":{"@id":"https:\/\/www.torreviejagastronomica.com\/directorio\/patio-andaluz\/#primaryimage"},"image":{"@id":"https:\/\/www.torreviejagastronomica.com\/directorio\/patio-andaluz\/#primaryimage"},"thumbnailUrl":"https:\/\/www.torreviejagastronomica.com\/wp-content\/uploads\/2026\/02\/300435428_497581575702921_6514363195840983337_n.png","datePublished":"2026-02-17T12:37:25+00:00","dateModified":"2026-02-17T12:37:26+00:00","breadcrumb":{"@id":"https:\/\/www.torreviejagastronomica.com\/directorio\/patio-andaluz\/#breadcrumb"},"inLanguage":"es","potentialAction":[{"@type":"ReadAction","target":["https:\/\/www.torreviejagastronomica.com\/directorio\/patio-andaluz\/"]}]},{"@type":"ImageObject","inLanguage":"es","@id":"https:\/\/www.torreviejagastronomica.com\/directorio\/patio-andaluz\/#primaryimage","url":"https:\/\/www.torreviejagastronomica.com\/wp-content\/uploads\/2026\/02\/300435428_497581575702921_6514363195840983337_n.png","contentUrl":"https:\/\/www.torreviejagastronomica.com\/wp-content\/uploads\/2026\/02\/300435428_497581575702921_6514363195840983337_n.png","width":1772,"height":1772},{"@type":"BreadcrumbList","@id":"https:\/\/www.torreviejagastronomica.com\/directorio\/patio-andaluz\/#breadcrumb","itemListElement":[{"@type":"ListItem","position":1,"name":"Portada","item":"https:\/\/www.torreviejagastronomica.com\/"},{"@type":"ListItem","position":2,"name":"Directorio","item":"https:\/\/www.torreviejagastronomica.com\/es\/directorio\/"},{"@type":"ListItem","position":3,"name":"Patio Andaluz"}]},{"@type":"WebSite","@id":"https:\/\/www.torreviejagastronomica.com\/#website","url":"https:\/\/www.torreviejagastronomica.com\/","name":"Torrevieja Gastron\u00f3mica","description":"Asociaci\u00f3n Hosteler\u00eda Torrevieja y Comarca","publisher":{"@id":"https:\/\/www.torreviejagastronomica.com\/#organization"},"potentialAction":[{"@type":"SearchAction","target":{"@type":"EntryPoint","urlTemplate":"https:\/\/www.torreviejagastronomica.com\/?s={search_term_string}"},"query-input":{"@type":"PropertyValueSpecification","valueRequired":true,"valueName":"search_term_string"}}],"inLanguage":"es"},{"@type":"Organization","@id":"https:\/\/www.torreviejagastronomica.com\/#organization","name":"Torrevieja Gastron\u00f3mica","url":"https:\/\/www.torreviejagastronomica.com\/","logo":{"@type":"ImageObject","inLanguage":"es","@id":"https:\/\/www.torreviejagastronomica.com\/#\/schema\/logo\/image\/","url":"https:\/\/www.torreviejagastronomica.com\/wp-content\/uploads\/2023\/09\/Logo-Torrevieja-Gastronomica.png","contentUrl":"https:\/\/www.torreviejagastronomica.com\/wp-content\/uploads\/2023\/09\/Logo-Torrevieja-Gastronomica.png","width":350,"height":100,"caption":"Torrevieja Gastron\u00f3mica"},"image":{"@id":"https:\/\/www.torreviejagastronomica.com\/#\/schema\/logo\/image\/"}}]}},"_links":{"self":[{"href":"https:\/\/www.torreviejagastronomica.com\/es\/wp-json\/wp\/v2\/directorio\/7775","targetHints":{"allow":["GET"]}}],"collection":[{"href":"https:\/\/www.torreviejagastronomica.com\/es\/wp-json\/wp\/v2\/directorio"}],"about":[{"href":"https:\/\/www.torreviejagastronomica.com\/es\/wp-json\/wp\/v2\/types\/directorio"}],"author":[{"embeddable":true,"href":"https:\/\/www.torreviejagastronomica.com\/es\/wp-json\/wp\/v2\/users\/4"}],"replies":[{"embeddable":true,"href":"https:\/\/www.torreviejagastronomica.com\/es\/wp-json\/wp\/v2\/comments?post=7775"}],"wp:featuredmedia":[{"embeddable":true,"href":"https:\/\/www.torreviejagastronomica.com\/es\/wp-json\/wp\/v2\/media\/7776"}],"wp:attachment":[{"href":"https:\/\/www.torreviejagastronomica.com\/es\/wp-json\/wp\/v2\/media?parent=7775"}],"wp:term":[{"taxonomy":"directorio-locations","embeddable":true,"href":"https:\/\/www.torreviejagastronomica.com\/es\/wp-json\/wp\/v2\/directorio-locations?post=7775"},{"taxonomy":"directorio-category","embeddable":true,"href":"https:\/\/www.torreviejagastronomica.com\/es\/wp-json\/wp\/v2\/directorio-category?post=7775"},{"taxonomy":"directorio_tag","embeddable":true,"href":"https:\/\/www.torreviejagastronomica.com\/es\/wp-json\/wp\/v2\/directorio_tag?post=7775"}],"curies":[{"name":"wp","href":"https:\/\/api.w.org\/{rel}","templated":true}]}}

<p><strong>Patio Andaluz</strong>&nbsp;es mucho más que un restaurante: es una tradición viva desde 1973. Este negocio familiar, orgullosamente andaluz, lleva más de cinco décadas compartiendo el sabor, el arte y la alegría del sur.</p>



<p>Aquí se viene a saborear auténtica cocina española, a dejarse llevar por el ritmo del baile y a disfrutar de ese ambiente cálido que convierte cada visita en una celebración. Entre palmas, aromas y buena compañía, Patio Andaluz mantiene intacta su esencia: hacer que cada persona que cruza su puerta se sienta como en casa… pero en pleno corazón de Andalucía.</p>



<p>Un rincón donde se come, se baila y, sobre todo, se disfruta.</p>

<!-- This site is optimized with the Yoast SEO plugin v25.7 - https://yoast.com/wordpress/plugins/seo/ -->
<title>Patio Andaluz - Torrevieja Gastronómica</title>
<meta name="robots" content="index, follow, max-snippet:-1, max-image-preview:large, max-video-preview:-1" />
<link rel="canonical" href="https://www.torreviejagastronomica.com/es/directorio/patio-andaluz/" />
<meta property="og:locale" content="es_ES" />
<meta property="og:type" content="article" />
<meta property="og:title" content="Patio Andaluz - Torrevieja Gastronómica" />
<meta property="og:description" content="Patio Andaluz&nbsp;es mucho más que un restaurante: es una tradición viva desde 1973. Este negocio familiar, orgullosamente andaluz, lleva más de cinco décadas compartiendo el sabor, el arte y la alegría del sur. Aquí se viene a saborear auténtica cocina española, a dejarse llevar por el ritmo del baile y a disfrutar de ese ambiente [&hellip;]" />
<meta property="og:url" content="https://www.torreviejagastronomica.com/es/directorio/patio-andaluz/" />
<meta property="og:site_name" content="Torrevieja Gastronómica" />
<meta property="article:modified_time" content="2026-02-17T12:37:26+00:00" />
<meta property="og:image" content="https://www.torreviejagastronomica.com/wp-content/uploads/2026/02/300435428_497581575702921_6514363195840983337_n.png" />
	<meta property="og:image:width" content="1772" />
	<meta property="og:image:height" content="1772" />
	<meta property="og:image:type" content="image/png" />
<meta name="twitter:card" content="summary_large_image" />
<meta name="twitter:label1" content="Tiempo de lectura" />
	<meta name="twitter:data1" content="1 minuto" />
<script type="application/ld+json" class="yoast-schema-graph">{"@context":"https://schema.org","@graph":[{"@type":"WebPage","@id":"https://www.torreviejagastronomica.com/directorio/patio-andaluz/","url":"https://www.torreviejagastronomica.com/directorio/patio-andaluz/","name":"Patio Andaluz - Torrevieja Gastronómica","isPartOf":{"@id":"https://www.torreviejagastronomica.com/#website"},"primaryImageOfPage":{"@id":"https://www.torreviejagastronomica.com/directorio/patio-andaluz/#primaryimage"},"image":{"@id":"https://www.torreviejagastronomica.com/directorio/patio-andaluz/#primaryimage"},"thumbnailUrl":"https://www.torreviejagastronomica.com/wp-content/uploads/2026/02/300435428_497581575702921_6514363195840983337_n.png","datePublished":"2026-02-17T12:37:25+00:00","dateModified":"2026-02-17T12:37:26+00:00","breadcrumb":{"@id":"https://www.torreviejagastronomica.com/directorio/patio-andaluz/#breadcrumb"},"inLanguage":"es","potentialAction":[{"@type":"ReadAction","target":["https://www.torreviejagastronomica.com/directorio/patio-andaluz/"]}]},{"@type":"ImageObject","inLanguage":"es","@id":"https://www.torreviejagastronomica.com/directorio/patio-andaluz/#primaryimage","url":"https://www.torreviejagastronomica.com/wp-content/uploads/2026/02/300435428_497581575702921_6514363195840983337_n.png","contentUrl":"https://www.torreviejagastronomica.com/wp-content/uploads/2026/02/300435428_497581575702921_6514363195840983337_n.png","width":1772,"height":1772},{"@type":"BreadcrumbList","@id":"https://www.torreviejagastronomica.com/directorio/patio-andaluz/#breadcrumb","itemListElement":[{"@type":"ListItem","position":1,"name":"Portada","item":"https://www.torreviejagastronomica.com/"},{"@type":"ListItem","position":2,"name":"Directorio","item":"https://www.torreviejagastronomica.com/es/directorio/"},{"@type":"ListItem","position":3,"name":"Patio Andaluz"}]},{"@type":"WebSite","@id":"https://www.torreviejagastronomica.com/#website","url":"https://www.torreviejagastronomica.com/","name":"Torrevieja Gastronómica","description":"Asociación Hostelería Torrevieja y Comarca","publisher":{"@id":"https://www.torreviejagastronomica.com/#organization"},"potentialAction":[{"@type":"SearchAction","target":{"@type":"EntryPoint","urlTemplate":"https://www.torreviejagastronomica.com/?s={search_term_string}"},"query-input":{"@type":"PropertyValueSpecification","valueRequired":true,"valueName":"search_term_string"}}],"inLanguage":"es"},{"@type":"Organization","@id":"https://www.torreviejagastronomica.com/#organization","name":"Torrevieja Gastronómica","url":"https://www.torreviejagastronomica.com/","logo":{"@type":"ImageObject","inLanguage":"es","@id":"https://www.torreviejagastronomica.com/#/schema/logo/image/","url":"https://www.torreviejagastronomica.com/wp-content/uploads/2023/09/Logo-Torrevieja-Gastronomica.png","contentUrl":"https://www.torreviejagastronomica.com/wp-content/uploads/2023/09/Logo-Torrevieja-Gastronomica.png","width":350,"height":100,"caption":"Torrevieja Gastronómica"},"image":{"@id":"https://www.torreviejagastronomica.com/#/schema/logo/image/"}}]}</script>
<!-- / Yoast SEO plugin. -->

Patio Andaluz - Torrevieja Gastronómica

Patio Andaluz&nbsp;es mucho más que un restaurante: es una tradición viva desde 1973. Este negocio familiar, orgullosamente andaluz, lleva más de cinco décadas compartiendo el sabor, el arte y la alegría del sur. Aquí se viene a saborear auténtica cocina española, a dejarse llevar por el ritmo del baile y a disfrutar de ese ambiente [&hellip;]

Torrevieja Gastronómica

Asociación Hostelería Torrevieja y Comarca
